4*h - 4*g + 44 = 0. Suppose w - 4*w = -h. Calculate the remainder when 19 is divided by 14*2/w - 0.
5
Let z = -1 - -3. Suppose -4*h - 12 = i + 2*i, z*h + 6 = -4*i. Suppose -2*u + i*o + 21 = o, 2*o + 10 = 0. What is the remainder when 25 is divided by u?
12
Suppose -2*v = 3*v - 70. What is the remainder when 25 is divided by v?
11
Let j(s) = 34*s + 15*s**2 - 19*s + 6 + 15 + s**3. Calculate the remainder when j(-14) is divided by 5.
2
Suppose -c + 58 = 3*l, 4*l = 4*c + 2 + 54. Suppose 5*y = -n + l, -4*y + 0*n + 14 = n. Suppose -p - 3*p + 24 = 0. What is the remainder when p is divided by y?
2
Suppose 80 = 3*i + i. Let c(f) = f**3 + 6*f**2 - f + 3. What is the remainder when c(-4) is divided by i?
19
Let n be (-3 + 2)/(1/(-3)). Suppose -4 = n*i - i, 0 = -5*w - 2*i + 886. What is the remainder when 64 is divided by 1/(-4) - w/(-8)?
20
Let l(s) = -2*s**3 - 2*s**2 - s - 2. Let q be l(-2). Suppose k + 3*o = -2, 30 = 5*k - 3*o + q*o. Calculate the remainder when k is divided by 4.
2
Let p = 151 + -104. What is the remainder when p is divided by 12?
11
Let w(l) = -2*l - 3. What is the remainder when 13 is divided by w(-5)?
6
Let k = 31 + -12. Let q(t) = t**3 + 3*t**2 + 1. Let o be q(-3). Suppose 3*r = 4*s + o, -4*s = r - 0*s - 27. What is the remainder when k is divided by r?
5
Suppose -6 = -5*d + 2*v, 6*v = -3*d + 3*v - 9. Suppose n + 4*y + 13 = d, 14 - 2 = n - y. What is the remainder when n is divided by (-3)/3 - -2 - -1?
1
Let j = -10 - -17. What is the remainder when 26 is divided by j?
5
Let j(f) = -20*f**3 + 2*f**2 - 1. Let h(m) = m**2 - m - 1. What is the remainder when j(-1) is divided by h(4)?
10
Let v = 15 + -12. Suppose -v*s = 3*b - 3, 5*s - 9 + 2 = -3*b. What is the remainder when 6 is divided by s?
0
Suppose b + 123 = -2*b. Let q = -15 - b. What is the remainder when q is divided by 14?
12
Let i = 10 + -2. Let r be (6/(-4))/(1/(-2)). Suppose -3*h + 6 = -r. Calculate the remainder when i is divided by h.
2
Suppose 5*j = -3*w + 55, -3*w - 20 = -5*w + 5*j. Suppose 0 = -3*i + 22 - 4. Suppose i*k - k = 215. What is the remainder when k is divided by w?
13
Let j(b) = 14*b - 33. What is the remainder when j(7) is divided by 17?
14
Suppose 4*k + 98 = 254. Let a = k + -19. What is the remainder when 58 is divided by a?
18
Let r(z) = z**3 + 4*z**2 + z - 3. Let n be r(-3). Suppose n*c = 4*q - 8, 3 + 1 = 5*c + 2*q. What is the remainder when 14 + (-1 + 1 - c) is divided by 5?
4
Suppose 5*f - 118 = -13. Calculate the remainder when f is divided by 6.
3
Let i(c) = -c**2 - 12*c - 11. What is the remainder when 48 is divided by i(-6)?
23
Calculate the remainder when ((-1)/(-2))/(8/304) is divided by 11.
8
Suppose -u - 4*y + 26 = 0, -53 = -4*u - 4*y + 3. Calculate the remainder when u is divided by 5.
0
Let o(r) = 23*r**3 - r**2. Suppose 4*q = p - 2, -q + 3*q + 10 = -4*p. Let i be o(q). Let u = 8 - i. Calculate the remainder when u is divided by 11.
10
Let v(j) = 14*j - 1. Calculate the remainder when v(1) is divided by ((-14)/(-2))/(-7 + 8).
6
Let l(v) = -v**3 + 10*v**2 - 9*v - 7. Let p be l(9). Let q(s) = -13*s**2 + 1. Let a be q(1). Let d = p - a. Calculate the remainder when 14 is divided by d.
4
Calculate the remainder when 88 is divided by 3/(-6) + (-104)/(-16).
4
What is the remainder when 0 + 7 + -4 + 8 is divided by 3?
2
Let k(h) = -h**3 + 6*h**2 + 4. Let m be k(6). Suppose -16 = -j + m. What is the remainder when 58 is divided by j?
18
Let r = 1 - -14. What is the remainder when 74 is divided by r?
14
Let w(u) = -2*u + 51. Calculate the remainder when w(17) is divided by 9.
8
Suppose 18*n = 14*n + 4, -2*f + 21 = n. Let x = -16 + 44. What is the remainder when x is divided by f?
8
Let j(i) = -i**3 - 4*i**2 + 4*i - 5. Let q be j(-5). Suppose q = -n - 0*n - 12. Calculate the remainder when 40 is divided by 43/3 + 4/n.
12
Suppose t + 22 = z, -z - 95 = -5*z - 3*t. Calculate the remainder when z is divided by 4.
3
Let u = 7 - 5. What is the remainder when 3 + -4 + (5 - -1) is divided by u?
1
What is the remainder when 34 is divided by (6 - 5) + (8 - 2)?
6
Suppose 2*k - 3*c = 46, 3*k + 5*c - 46 = k. What is the remainder when k is divided by 13?
10
Let l(k) = k**3 + 9*k**2 + 9*k + 15. What is the remainder when l(-7) is divided by 9?
5
Suppose -2*i + 75 = v, -3*i + 2*v + 25 = -2*i. Let u = i + -17. What is the remainder when u is divided by 10?
8
What is the remainder when (0 - -2) + 12/3 is divided by (20/8 + 2)*(-2)/(-3)?
0
Let x(z) = -10*z**2 + 3*z**3 - 10*z + z - 4 - 2*z**3 - 5. What is the remainder when 23 is divided by x(11)?
10
Let v(g) = g**2 - 3*g. Suppose 3*u = 4*u + 6. Let j be 1/1 - (u + 0). What is the remainder when v(j) is divided by 10?
8
Let v(s) = s**3 - 6*s**2 - 13*s + 11. Suppose 0 = -2*x + 18 - 2. Calculate the remainder when v(x) is divided by 12.
11
Let d = 53 + -47. What is the remainder when 29 is divided by d?
5
Let a(j) = 3*j**2 + 3*j + 5. Calculate the remainder when 21 is divided by a(-2).
10
Suppose 0*f = f - 110. Calculate the remainder when f is divided by 38.
34
Let c be 3 - 2/(-2)*1. Suppose -6 - 6 = -c*w. Suppose w*q - 12 = 6. What is the remainder when q is divided by 4?
2
Suppose -2*c - 4*l = -14, -5*c + 3 = -3*l - 6. What is the remainder when (-2)/6 - 50/(-6) is divided by c?
2
Let r(l) = -3*l**3 + 22 + l**3 - l - l**3 + 2*l**3 - l**2. Suppose 0 = -2*h - 2*w - 8, -5*h + 4*w + 20 = -w. What is the remainder when 64 is divided by r(h)?
20
Suppose 0 = 39*n - 45*n + 18. What is the remainder when 8 is divided by n?
2
Let m = -5 + 30. What is the remainder when (-37 - -38) + (-1 + 99)/1 is divided by m?
24
Let u be -8 + (-1 - -4) + -3. Suppose -3*i - 9 = -42. What is the remainder when 32 is divided by (i/2)/((-4)/u)?
10
Suppose -6*g + 45 = 3. Calculate the remainder when 46 is divided by g.
4
Let j = -6 - -6. Suppose -m - 3*m + 124 = j. Calculate the remainder when m is divided by 17.
14
Let c(p) = p**2 + 5*p - 4. What is the remainder when c(6) is divided by 16?
14
Let b(k) = -k**2 - 6*k + 1. Suppose 152 = -5*p + 12. Let i be 8/p + (-38)/14. What is the remainder when 29 is divided by b(i)?
9
Let p = 7 + -3. Let z = -48 - -68. Suppose 6*n - z = n + 2*i, 5*i - 25 = 0. Calculate the remainder when n is divided by p.
2
Suppose -12 = 5*c + 13. Let f = 11 + c. Calculate the remainder when ((-9)/f)/(1/(-28)) is divided by 22.
20
Let o = -1351 + 1362. Let r be ((-1)/(2/6))/(-1). Let f = 0 + r. Calculate the remainder when o is divided by f.
2
Suppose u = 5*m + 2, 0*m = -3*u + 5*m - 4. Let b(t) = t**3 + 2*t**2 - 5*t - 4. Let c be b(u). What is the remainder when 43 is divided by c/(-3)*270/(-12)?
13
Let m = 12 + -7. Suppose 8*x - 3*x - 20 = -m*v, 0 = 4*v + 2*x - 22. Calculate the remainder when v is divided by 4.
3
Let a = 25 - 23. What is the remainder when 81 is divided by 1/a*4 - -10?
9
Let t(k) = -8*k + 9*k**2 + 2*k**3 + 9 - k**2 - k - k**3. Calculate the remainder when 16 is divided by t(-9).
7
Suppose 12 = -4*n, -2*n - 2 = 4*m - 0*n. Suppose -2*q + 13 = -3*r, 8*q - 2*r = 4*q + 14. Suppose -q = -0*w - w. Calculate the remainder when w is divided by m.
0
Let q = 34 - -39. Calculate the remainder when q is divided by 19.
16
Let i be 3*(2 - 6/2). What is the remainder when (-1 - (1 - 34)) + i is divided by 10?
9
Let q = -38 - -47. What is the remainder when q is divided by 5?
4
Suppose -6*f = -11*f - 100. What is the remainder when -4 + (-5)/(f/148) is divided by 12?
9
Calculate the remainder when -1*-29*(1 - -1) is divided by 20 - (3 - (1 + 2)).
18
Let a = 83 - 46. What is the remainder when a is divided by 20?
17
Let v(q) = -q**2 + q - 22. Let n = 0 + 0. Let g be v(n). Let b = g + 51. What is the remainder when b is divided by 10?
9
Suppose m = 2*m, -70 = -5*t - 2*m. Calculate the remainder when 53 is divided by t.
11
Let q = 37 + -24. Let p(j) = -j**2 - 10*j - 17. Calculate the remainder when q is divided by p(-6).
6
Let h(t) = -t**2 + 14*t - 6. What is the remainder when 213 is divided by h(12)?
15
Let y = 6 - 1. Let a(d) = 3*d - 6. Let g = 9 - 4. Calculate the remainder when a(y) is divided by g.
4
Let t(y) = -12*y + 3. Let f(h) = 2*h**2 - 2*h + 1. What is the remainder when t(-4) is divided by f(3)?
12
Let n(g) = g**3 - g**2. Let r(a) = -6*a**3 + 11*a**2 - 4*a - 3. Let i(t) = 5*n(t) + r(t). Calculate the remain